{"id":979,"date":"2018-08-02T14:47:36","date_gmt":"2018-08-02T12:47:36","guid":{"rendered":"http:\/\/www.schuhmerkle.de\/?page_id=979"},"modified":"2026-04-14T17:09:26","modified_gmt":"2026-04-14T15:09:26","slug":"datenschutz","status":"publish","type":"page","link":"https:\/\/www.schuhmerkle.de\/?page_id=979","title":{"rendered":"Datenschutz"},"content":{"rendered":"<p><strong>Allgemeine Hinweise<br \/>\n<\/strong>Der Schutz Ihrer Daten ist f\u00fcr uns eine Selbstverst\u00e4ndlichkeit.<br \/>\nWir nehmen den Schutz Ihrer Daten sehr ernst.<br \/>\nWir behandeln Ihre personenbezogenen Daten vertraulich und entsprechend<br \/>\nder gesetzlichen Datenschutzverordung sowie dieser Datenschutzerkl\u00e4rung.<strong><br \/>\n<\/strong><\/p>\n<p>Die folgenden Hinweise geben Ihnen einen \u00dcberblick, dar\u00fcber was mit Ihren<br \/>\npersonenbezogenen Daten passiert, wenn Sie unsere Webseite besuchen.<br \/>\nPersonerbezogene Daten sind Informationen zu Ihrer Identit\u00e4t.<br \/>\nHierunter fallen beispielsweise Angaben wie Ihr Name, Ihre Adresse, Ihre<br \/>\nMailadresse und Ihre Telefonnummer.<\/p>\n<p>Die Datenverarbeitung auf dieser Webseite erfolgt durch den Webseitenbeteiber.<br \/>\nDessen Kontaktdaten k\u00f6nnen Sie dem Impressum unserer Seite entnehmen.<\/p>\n<p>F\u00fcr die Nutzung unsere Internetseite ist es nicht n\u00f6tig, dass Sie personenbezogene<br \/>\nDaten offen legen. In bestimmten F\u00e4llen kann es jedoch sein, dass wir Ihren<br \/>\nNamen oder \u00e4hnliche Angaben f\u00fcr die Erbringung einer gew\u00fcnschten<br \/>\nDienstleistung, wie beispielsweise Zusendung von bestellter Ware oder die<br \/>\nBeantwortung individueller Fragen ben\u00f6tigen.<br \/>\nFalls dies erforderlich ist, werden wir Sie aber darauf hin weisen.<br \/>\nDie uns zur Verf\u00fcgung gestellten Daten verwenden wir im Allgemeinen, um<br \/>\nIhre Anfragen zu bearbeiten, Ihren Auftrag zu bearbeiten oder um Ihren<br \/>\nZugang zu bestimmten Informationen zu verschaffen.<br \/>\nWir werden Ihre personenbezogenen Daten werder an Dritte verkaufen<br \/>\nnoch anderweitig vermarkten, sondern nur f\u00fcr die Ihnen mitgeteilten<br \/>\nZwecke nutzen.<\/p>\n<p>Sie haben jederzeit das Recht Auskunft \u00fcber Ihre gespeicherten<br \/>\npersonenbezogenen Daten zu erhalten. Sie haben selbstverst\u00e4ndlich ein Recht<br \/>\nauf L\u00f6schung dieser Daten, wenden Sie sich hierf\u00fcr an den angegebenen Kontakt:<\/p>\n<p>Schuh Merkle e.K.<br \/>\nGesch\u00e4ftsinhaber: G\u00fcnther Scharpf<br \/>\nBahnhofstrasse 8\/1<br \/>\n89129 Langenau<br \/>\nTel. +49 7345 6117<br \/>\ninfo@schuhmerkle.de<br \/>\nVerantwortliche Stelle ist die nat\u00fcrliche oder Juristische Person, die allein oder<br \/>\ngemeinsam mit anderen \u00fcber die Zwecke und Mittel der Verarbeitung von<br \/>\npersonenbezogenen Daten entscheidet.<\/p>\n<p>Andere Daten werden automatisch beim Besuch unserer Webseite erhoben.<br \/>\nDas sind vorallem technische Daten, wie z.B. Ihre IP-Adresse, die Namen der<br \/>\naufgerufenen Seiten Ihres Betriebssystems oder auch die Uhrzeit und das Datum<br \/>\ndes Seitenaufrufs. Die Erfassung der Daten erfolgt automatisch.<\/p>\n<p>Ein Teil der Daten wird erhoben, um eine fehlerfreie Bereitstellung unserer<br \/>\nWebseite zu gew\u00e4hrleisten. Andere Daten k\u00f6nnen zur Analyse Ihres<br \/>\nNutzerverhaltens verwendet werden.<\/p>\n<p>Wir weisen ausdr\u00fccklich darauf hin, dass die Daten \u00fcbertragung im Internet<br \/>\nSicherheitsl\u00fccken aufweisen kann. Ein l\u00fcckenloser Schutz der Daten vor dem<br \/>\nZugriff durch Dritte ist nicht m\u00f6glich.<\/p>\n<p><strong>Beschwerderecht bei der zust\u00e4ndigen Aufsichtsbeh\u00f6rde<br \/>\n<\/strong>Im Falle datenschutzrechtlicher Verst\u00f6\u00dfe steht Ihnen ein Beschwerderecht bei<br \/>\nder zust\u00e4ndigen Aufsichtbeh\u00f6rde zu.<br \/>\nhttp:\/\/bfdi.bund.de\/DE\/Infothek\/Anschrifen_Links\/anschriften_links-node.html<\/p>\n<p><strong>Kontaktformular<\/strong><br \/>\nWenn Sie uns per Kontaktformular Anfragen zu kommen lassen, werden Ihre<br \/>\nAngaben zwecks Bearbeitung der Anfrage und f\u00fcr den Fall von Anschlussfragen<br \/>\ngespeichert. Diese Daten werden wir nicht ohne Ihre Einwilligung an Dritte<br \/>\nweiter geben. Die Verarbeitung Ihrer&nbsp; in das Kontaktformular eingegeben Daten<br \/>\nerfolgt somit ausschlie\u00dflich auf Grundlage Ihrer Einwilligung (Art.6Abs.1 lit.a DSGVO).<br \/>\nZum Wiederruf Ihrer Einwilligung senden Sie uns einfach formlos eine E-Mail.<br \/>\nDie Rechtm\u00e4\u00dfigkeit der bis zum Widerruf erfolgten Datenverarbeitungsvorg\u00e4nge<br \/>\nbleibt vom Wiederruf unber\u00fchrt.<\/p>\n<p><strong>Datenschutzerkl\u00e4rung f\u00fcr die Nutzung von Facebook-Plugins<br \/>\n<\/strong>Auf unserer Seite sind Facebook Plugins integiert.<br \/>\nAnbeiter ist Facebook, 1601 South California Avenue, Palo Alto, CA 94304, USA.<br \/>\nDie Facebook-Plugins erkennen Sie an dem Facebook-Logo oder dem<br \/>\n&#8222;Gef\u00e4llt mir&#8220;Logo auf unserer Seite. Eine \u00dcbersicht \u00fcber die Facebook-Plugins<br \/>\nfinden Sie hier: <a href=\"http:\/\/developers.facebook.com\/docs\/plugins\/\" target=\"_blank\" rel=\"noopener\">http:\/\/developers.facebook.com\/docs\/plugins\/<\/a>.<br \/>\nWenn Sie unsere Seiten besuchen, wird \u00fcber das Plugin eine direkte Verbindung<br \/>\nzwischen Ihrem Browser und dem Facebook-Server hergestellt. Facebook erh\u00e4lt<br \/>\ndadurch die Information, dass Sie mit Ihrer IP-Adresse unsere Seite besucht haben.<br \/>\nWenn Sie das Facebook &#8222;Gef\u00e4llt mir&#8220; Logo anklicken w\u00e4hrend Sie in Ihrem Facebook-Account eingeloggt sind, k\u00f6nnen Sie die Inhalte unserer Seiten auf Ihrem<br \/>\nFacebook-Profil verlinken. Dadurch kann Facebook den Besuch unserer Seiten<br \/>\nIhrem Benutzerkonto zuordnen. Wir weisen darauf hin, dass wir als Anbieter der<br \/>\nSeiten keine Kenntnis vom Inhalt der \u00fcbermittelten Daten sowie deren Nutzung durch Facebook erhalten. Weitere Informationen hierzu finden Sie in der Datenschutzerkl\u00e4rung von facebook unter <a href=\"https:\/\/www.facebook.com\/privacy\/explanation\" target=\"_blank\" rel=\"noopener\">https:\/\/www.facebook.com\/privacy\/explanation<\/a>.<br \/>\nWenn Sie nicht w\u00fcnschen, dass Facebook den Besuch unserer Seiten Ihrem<br \/>\nFacebook-Nutzerkonto zuordnen kann, loggen Sie sich bitte aus Ihrem<br \/>\nFacebook-Benutzerkonto aus.<\/p>\n<p><strong>Google Web Fonts und Google Maps<\/strong><br \/>\nUnsere Seite nutzt nur Darstellung von Schriftarten Web Fonts, die von &#8218;<br \/>\nGoogle bereitgestellt werden. Um Texte und Schriften anzuzeigen muss der von<br \/>\nIhnen verwendete Browser Verbindung zu den Severn von Google aufnehmen.<br \/>\nWeitere Infos zu Google Web Fonts finden Sie unter:<br \/>\nhttps:\/\/developers.google.com\/fonts\/faq und in der Datenschutzerkl\u00e4rung<br \/>\nvon Google: https:\/\/google.com\/policies\/privacy\/.<br \/>\nUnsere Seite nutzt den Kartendienst Google Maps.<br \/>\nAnbieter ist die Google Inc. 1600 Amphitheatre Parkway, Mountain View<br \/>\nCA 94043.<br \/>\nZur Nutzung wird Ihre IP Adresse gespeichert. Diese Infos werden in der Regel<br \/>\nan einen Server von Google in den USA&nbsp; \u00fcbertragen und dort gespeichert.<br \/>\nWir als anbeiter dieser Seite haben keine Einfluss auf diese Daten\u00fcbertragung.<br \/>\nDie Nutzung von Google Maps erfolgt im Interesse einer ansprechenden Darstellung<br \/>\nunserer Auffindbarkeit. Dies stellt ein berechtigtes Interesse im Sinne von<br \/>\nArt.6 Abs.1 lit.f DSGVO dar.<\/p>\n","protected":false},"excerpt":{"rendered":"<p>Allgemeine Hinweise Der Schutz Ihrer Daten ist f\u00fcr uns eine Selbstverst\u00e4ndlichkeit. Wir nehmen den Schutz Ihrer Daten sehr ernst. Wir behandeln Ihre personenbezogenen Daten vertraulich und entsprechend der gesetzlichen Datenschutzverordung sowie dieser Datenschutzerkl\u00e4rung. Die folgenden Hinweise geben Ihnen einen \u00dcberblick, dar\u00fcber was mit Ihren personenbezogenen Daten passiert, wenn Sie unsere Webseite besuchen. Personerbezogene Daten sind&hellip;<\/p>\n","protected":false},"author":1,"featured_media":0,"parent":0,"menu_order":8,"comment_status":"closed","ping_status":"closed","template":"","meta":{"ngg_post_thumbnail":0},"_links":{"self":[{"href":"https:\/\/www.schuhmerkle.de\/index.php?rest_route=\/wp\/v2\/pages\/979"}],"collection":[{"href":"https:\/\/www.schuhmerkle.de\/index.php?rest_route=\/wp\/v2\/pages"}],"about":[{"href":"https:\/\/www.schuhmerkle.de\/index.php?rest_route=\/wp\/v2\/types\/page"}],"author":[{"embeddable":true,"href":"https:\/\/www.schuhmerkle.de\/index.php?rest_route=\/wp\/v2\/users\/1"}],"replies":[{"embeddable":true,"href":"https:\/\/www.schuhmerkle.de\/index.php?rest_route=%2Fwp%2Fv2%2Fcomments&post=979"}],"version-history":[{"count":18,"href":"https:\/\/www.schuhmerkle.de\/index.php?rest_route=\/wp\/v2\/pages\/979\/revisions"}],"predecessor-version":[{"id":1051,"href":"https:\/\/www.schuhmerkle.de\/index.php?rest_route=\/wp\/v2\/pages\/979\/revisions\/1051"}],"wp:attachment":[{"href":"https:\/\/www.schuhmerkle.de\/index.php?rest_route=%2Fwp%2Fv2%2Fmedia&parent=979"}],"curies":[{"name":"wp","href":"https:\/\/api.w.org\/{rel}","templated":true}]}}